is 121200 + 1000?
122200
In base 7, what is -5 + 166315?
166310
In base 4, what is 3010 - 30110?
-21100
In base 9, what is 40110 - 7?
40102
In base 2, what is 101111101011 + -11110111101?
10000101110
In base 14, what is 2cc - -4?
2d2
In base 2, what is 101 - -111110011010?
111110011111
In base 6, what is 20004104 + 5?
20004113
In base 3, what is -1 - -111101110?
111101102
In base 4, what is -30231 - -233?
-23332
In base 12, what is 53 + -562?
-50b
In base 8, what is 141 + -5126?
-4765
In base 9, what is 25184 + 13?
25207
In base 10, what is 1 + -15655?
-15654
In base 2, what is -1001111001 - 1001011?
-1011000100
In base 16, what is -97d84 + -2?
-97d86
In base 13, what is -425 + 5?
-420
In base 4, what is 223 - 10311?
-10022
In base 8, what is 10206 - -5?
10213
In base 13, what is -20898 + 1?
-20897
In base 16, what is 18 + e1d?
e35
In base 7, what is -1 - 6544426?
-6544430
In base 5, what is -34 + 2333?
2244
In base 8, what is 0 + -7210?
-7210
In base 14, what is 257 + 1c34?
208b
In base 14, what is -21 - -606?
5c5
In base 9, what is -117 + 145370?
145252
In base 4, what is -1200101301 - -13?
-1200101222
In base 7, what is -51 - -1323?
1242
In base 3, what is 201202200022211 + -1?
201202200022210
In base 3, what is -21121112021 + 10?
-21121112011
In base 8, what is 5 + 467731?
467736
In base 5, what is -1112031020 + 1?
-1112031014
In base 6, what is -2 - -1031352?
1031350
In base 16, what is -1c + -d67?
-d83
In base 6, what is 30415 + 130?
30545
In base 15, what is 4570 + -5?
456a
In base 9, what is -3 + 70605?
70602
In base 11, what is 21183 + -6?
21178
In base 3, what is 2020 - -22220?
102010
In base 3, what is 101102100 - -12?
101102112
In base 5, what is -204 + 412010?
411301
In base 13, what is 69824 - -2?
69826
In base 11, what is -5 + -5207?
-5211
In base 15, what is -4 + -b208?
-b20c
In base 9, what is 13280 - 2?
13277
In base 5, what is -43022231 + 3?
-43022223
In base 13, what is 2 + -10a1c?
-10a1a
In base 14, what is 7cba - -194?
8070
In base 14, what is -2d + 69?
3a
In base 7, what is 10242444 + 0?
10242444
In base 13, what is 12 + 86c37?
86c49
In base 4, what is -2110231 - -12?
-2110213
In base 13, what is b65 - 13?
b52
In base 10, what is -1254 + -3656?
-4910
In base 11, what is -2135 + 22?
-2113
In base 4, what is -13130000 + -1?
-13130001
In base 2, what is -1011100111 - 101001110?
-10000110101
In base 12, what is 66b + -204?
467
In base 11, what is 48a134 + -2?
48a132
In base 7, what is 1 - -406113?
406114
In base 15, what is -1721 + -3?
-1724
In base 7, what is 64505 + 30?
64535
In base 14, what is 1476b - 4?
14767
In base 9, what is -12602 + 77?
-12514
In base 3, what is -1222200 + -200?
-2000100
In base 12, what is 5 + -23718?
-23713
In base 10, what is -4211846 - -3?
-4211843
In base 8, what is 0 - 2761?
-2761
In base 9, what is 208 - -2350?
2558
In base 11, what is -181 + a331?
a160
In base 6, what is 1425443 - -2?
1425445
In base 7, what is 2 - -13001214?
13001216
In base 9, what is 54 + -68543?
-68478
In base 10, what is -735 + -59?
-794
In base 3, what is 2020021 + 122?
2020220
In base 10, what is -3509827 + -1?
-3509828
In base 2, what is -100111011 - -1001?
-100110010
In base 9, what is 47363 + -115?
47247
In base 11, what is -40 + 821?
791
In base 6, what is -21 + -150301?
-150322
In base 15, what is -17cd - 7a?
-1858
In base 4, what is -1 - 201202332?
-201202333
In base 15, what is 405 - -9?
40e
In base 3, what is -11 - 1211211120?
-1211211201
In base 7, what is -5 + -13454145?
-13454153
In base 9, what is -2 + -122025?
-122027
In base 2, what is -100 - 11111100101001101001?
-11111100101001101101
In base 5, what is 0 - 434423140?
-434423140
In base 4, what is -131313213 - 2?
-131313221
In base 10, what is 15 + -132?
-117
In base 12, what is -35 - 299?
-312
In base 3, what is 1011 + 11102210002?
11102211020
In base 4, what is 2310210 - -120?
2310330
In base 15, what is -1b6 + 3155?
2e8e
In base 13, what is -36 - -64bcb?
64b95
In base 12, what is 9a - 441?
-363
In base 16, what is 5be + -a6a?
-4ac
In base 12, what is 1579a + 3?
157a1
In base 7, what is 3462 - -223?
4015
In base 8, what is 1114451 - 0?
1114451
In base 8, what is -2 - 104645?
-104647
In base 13, what is -841b - 0?
-841b
In base 7, what is -11640 - 6?
-11646
In base 2, what is 101101110001100101 - -1000?
101101110001101101
In base 16, what is 0 - 8349?
-8349
In base 8, what is -14057 - -13?
-14044
In base 14, what is -2 - -156?
154
In base 9, what is -14 - 300344?
-300358
In base 16, what is -2 - -5113e?
5113c
In base 16, what is aa - -75?
11f
In base 4, what is 23 + -30200310?
-30200221
In base 10, what is 343 + 331?
674
In base 4, what is -20320101 - 100?
-20320201
In base 2, what is -100 - -1000110100000100000?
1000110100000011100
In base 13, what is 13a0 - 7?
1396
In base 9, what is 55701 + -14?
55676
In base 3, what is 11120 - -1112?
20002
In base 8, what is 1155471 + -5?
1155464
In base 14, what is 25 + -278?
-253
In base 4, what is -10 + -32030012?
-32030022
In base 4, what is 1 + 12031211?
12031212
In base 13, what is 33 + 414b?
4181
In base 6, what is -3 + 1115355?
1115352
In base 11, what is 10 + -4185?
-4175
In base 16, what is -11 + 1307?
12f6
In base 7, what is -324444 - -1?
-324443
In base 7, what is 5 - 21201?
-21163
In base 10, what is 262 - 119?
143
In base 9, what is -27 - 4620?
-4647
In base 16, what is -67 + 60?
-7
In base 6, what is 1251 + -20050?
-14355
In base 9, what is -11 - -472565?
472554
In base 5, what is 1 + 140040?
140041
In base 11, what is -4 + 181566?
181562
In base 3, what is 11 + -20122100200?
-20122100112
In base 12, what is -1a3 - 68?
-24b
In base 6, what is 355 + 5120?
5515
In base 5, what is -2133 + 140134?
133001
In base 8, what is 14 + 23301?
23315
In base 16, what is 3 - -a707e?
a7081
In base 11, what is -2 - -28882?
28880
In base 6, what is 22100 - -2?
22102
In base 16, what is 3fcb - -b?
3fd6
In base 16, what is -4 + -3b1d?
-3b21
In base 3, what is 10 - 22211122?
-22211112
In base 2, what is 110101101000 - 10111101110?
11101111010
In base 10, what is 82 + 8202?
8284
In base 6, what is -5101454 - -1?
-5101453
In base 9, what is 1 - -56130?
56131
In base 9, what is 0 - -15542?
15542
In base 10, what is -9303 - -5?
-9298
In base 7, what is 24435254 + 0?
24435254
In base 16, what is -5f1bf - -2?
-5f1bd
In base 7, what is -1562 + 16415?
14523
In base 11, what is 19913a5 + -1?
19913a4
In base 11, what is -26 + 455a9?
45583
In base 6, what is 1131 + 32?
1203
In base 9, what is 686232 - -3?
686235
In base 7, what is 14203610 - -4?
14203614
In base 13, what is 4 - -67?
6b
In base 13, what is 73 - -17388?
1742b
In base 5, what is 342221 - -1?
342222
In base 9, what is 13443 - 100?
13343
In base 12, what is 45aa9 - 5?
45aa4
In base 2, what is 0 - -1100011111?
1100011111
In base 8, what is 0 + 4437?
4437
In base 16, what is -22 - 1b0a?
-1b2c
In base 12, what is -9 - -23020?
23013
In base 6, what is -125234 + 11?
-125223
In base 9, what is -2808 - -23?
-2775
In base 7, what is -124021 + 10?
-124011
In base 4, what is 111120122 + -22?
111120100
In base 3, what is -1121022112202 - -11?
-1121022112121
In base 14, what is -2733 - -20?
-2713
In base 6, what is -2 - -20224?
20222
In base 12, what is -181 + -106?
-287
In base 2, what is 1110010001101100 + 100?
1110010001110000
In base 5, what is -1132 + 21243?
20111
In base 2, what is -10000111100110 + -1000?
-10000111101110
In base 13, what is -b18a8 - -2?
-b18a6
In base 8, what is 162 - 10?
152
In base 12, what is 2 - -19877b?
198781
In base 16, what is c + 3a9?
3b5
In base 6, what is -1 + 4433205?
4433204
In base 9, what is -2 - 65700?
-65702
In base 8, what is 3 + -20663?
-20660
In base 14, what is -62 + -1ab?
-22d
In base 6, what is -33344 - 15?
-33403
In base 9, what is -1724241 + -4?
-1724245
In base 10, what is -719663 - 1?
-719664
In base 7, what is 240 + 166?
436
In base 3, what is -211022000220 - -1?
-211022000212
In base 3, what is -211102 - 202020?
-1120122
In base 5, what is 112 + -3233?
-3121
In base 7, what is -4 - -15415?
15411
In base 7, what is 1264 + 126?
1423
In base 6, what is 23 - -221432?
221455
In base 7, what is 4100 + -226?
3541
In base 12, what is 2a82 + 234?
30b6
In base 2, what is 0 - -1000111001011100?
1000111001011100
In base 6, what is 53330